{"id":590,"date":"2023-04-19T16:43:04","date_gmt":"2023-04-19T22:43:04","guid":{"rendered":"https:\/\/www.fortix.mx\/home\/?page_id=590"},"modified":"2025-03-10T13:25:07","modified_gmt":"2025-03-10T19:25:07","slug":"discos-de-alimentacion-y-recuperacion","status":"publish","type":"page","link":"https:\/\/www.fortix.mx\/home\/discos-de-alimentacion-y-recuperacion\/","title":{"rendered":"Discos de alimentaci\u00f3n y recuperaci\u00f3n"},"content":{"rendered":"<p>[et_pb_section fb_built=&#8221;1&#8243; admin_label=&#8221;section&#8221; _builder_version=&#8221;4.27.3&#8243; background_color=&#8221;#eaeaea&#8221; hover_enabled=&#8221;0&#8243; locked=&#8221;off&#8221; global_colors_info=&#8221;{}&#8221; sticky_enabled=&#8221;0&#8243;][et_pb_row _builder_version=&#8221;4.27.3&#8243; _module_preset=&#8221;default&#8221; global_colors_info=&#8221;{}&#8221;][et_pb_column type=&#8221;4_4&#8243; _builder_version=&#8221;4.27.3&#8243; _module_preset=&#8221;default&#8221; global_colors_info=&#8221;{}&#8221;][dsm_gradient_text gradient_text=&#8221;Llenadoras&#8221; _builder_version=&#8221;4.27.3&#8243; _module_preset=&#8221;default&#8221; header_font=&#8221;|700||on|||||&#8221; header_font_size=&#8221;36px&#8221; text_orientation=&#8221;center&#8221; global_colors_info=&#8221;{}&#8221;][\/dsm_gradient_text][\/et_pb_column][\/et_pb_row][et_pb_row column_structure=&#8221;3_5,2_5&#8243; admin_label=&#8221;row&#8221; _builder_version=&#8221;4.16&#8243; background_size=&#8221;initial&#8221; background_position=&#8221;top_left&#8221; background_repeat=&#8221;repeat&#8221; global_colors_info=&#8221;{}&#8221;][et_pb_column type=&#8221;3_5&#8243; _builder_version=&#8221;4.16&#8243; custom_padding=&#8221;|||&#8221; global_colors_info=&#8221;{}&#8221; custom_padding__hover=&#8221;|||&#8221;][dsm_image_hotspots src=&#8221;https:\/\/www.fortix.mx\/home\/wp-content\/uploads\/2025\/02\/muestra-equipos-discos-de-alimentacion.png&#8221; alt=&#8221;Llenadora de liquido de 6 valvulas Fortix&#8221; title_text=&#8221;muestra-equipos-discos-de-alimentacion&#8221; _builder_version=&#8221;4.27.3&#8243; _module_preset=&#8221;default&#8221; hover_enabled=&#8221;0&#8243; global_colors_info=&#8221;{}&#8221; sticky_enabled=&#8221;0&#8243;][dsm_image_hotspots_child left_position=&#8221;22%&#8221; top_position=&#8221;47%&#8221; pulse_animation=&#8221;on&#8221; pulse_background_color=&#8221;#0C71C3&#8243; _builder_version=&#8221;4.27.3&#8243; _module_preset=&#8221;default&#8221; text_font_size=&#8221;14px&#8221; body_font_size=&#8221;16px&#8221; hover_enabled=&#8221;0&#8243; global_colors_info=&#8221;{}&#8221; sticky_enabled=&#8221;0&#8243;]<\/p>\n<p>Disco giratorio<\/p>\n<p>[\/dsm_image_hotspots_child][dsm_image_hotspots_child left_position=&#8221;45%&#8221; top_position=&#8221;62%&#8221; pulse_animation=&#8221;on&#8221; pulse_background_color=&#8221;#0C71C3&#8243; _builder_version=&#8221;4.27.3&#8243; _module_preset=&#8221;default&#8221; text_font_size=&#8221;14px&#8221; body_font_size=&#8221;16px&#8221; hover_enabled=&#8221;0&#8243; global_colors_info=&#8221;{}&#8221; sticky_enabled=&#8221;0&#8243;]<\/p>\n<p>Banda transportadora<\/p>\n<p>[\/dsm_image_hotspots_child][\/dsm_image_hotspots][\/et_pb_column][et_pb_column type=&#8221;2_5&#8243; _builder_version=&#8221;4.16&#8243; custom_padding=&#8221;|||&#8221; global_colors_info=&#8221;{}&#8221; custom_padding__hover=&#8221;|||&#8221;][et_pb_text _builder_version=&#8221;4.27.3&#8243; _module_preset=&#8221;default&#8221; global_colors_info=&#8221;{}&#8221;]<\/p>\n<h2>Disco de Alimentaci\u00f3n<\/h2>\n<p>Provee a la m\u00e1quina botellas o suministrcy Los discos pueden girar a velocidad variable para una alimentaci\u00f3n mayor o menor.<\/p>\n<p>[\/et_pb_text][et_pb_text _builder_version=&#8221;4.27.3&#8243; _module_preset=&#8221;default&#8221; global_colors_info=&#8221;{}&#8221;]<\/p>\n<h2>Disco de Recuperaci\u00f3n<\/h2>\n<p>Recibe el producto ya terminado. Los discos varian su velocidad para una alimentaci\u00f3n mayor o menor.<\/p>\n<p>[\/et_pb_text][\/et_pb_column][\/et_pb_row][\/et_pb_section][et_pb_section fb_built=&#8221;1&#8243; _builder_version=&#8221;4.27.3&#8243; _module_preset=&#8221;default&#8221; background_color=&#8221;#09919b&#8221; custom_margin=&#8221;||||false|false&#8221; custom_padding=&#8221;120px||100px||false|false&#8221; top_divider_color=&#8221;#0C71C3&#8243; top_divider_height=&#8221;115px&#8221; top_divider_arrangement=&#8221;above_content&#8221; global_module=&#8221;975&#8243; saved_tabs=&#8221;all&#8221; global_colors_info=&#8221;{}&#8221;][et_pb_row column_structure=&#8221;3_5,2_5&#8243; _builder_version=&#8221;4.27.3&#8243; _module_preset=&#8221;default&#8221; global_colors_info=&#8221;{}&#8221;][et_pb_column type=&#8221;3_5&#8243; _builder_version=&#8221;4.27.3&#8243; _module_preset=&#8221;default&#8221; global_colors_info=&#8221;{}&#8221;][et_pb_cta title=&#8221;\u00bfTienes alguna duda?&#8221; button_url=&#8221;https:\/\/wa.me\/5216611259250?text=Hola%20deseo%20m\u00e1s%20informaci\u00f3n&#8221; url_new_window=&#8221;on&#8221; button_text=&#8221;Cont\u00e1ctanos por WhatsApp&#8221; _builder_version=&#8221;4.27.3&#8243; _module_preset=&#8221;default&#8221; border_radii=&#8221;on|9px|9px|9px|9px&#8221; global_colors_info=&#8221;{}&#8221;]<\/p>\n<p>Si tienes dudas, o quieres saber m\u00e1s sobre nuestros equipos, podemos asesorarte para que tengas la informaci\u00f3n completa y clara.<\/p>\n<p>[\/et_pb_cta][\/et_pb_column][et_pb_column type=&#8221;2_5&#8243; _builder_version=&#8221;4.27.3&#8243; _module_preset=&#8221;default&#8221; global_colors_info=&#8221;{}&#8221;][et_pb_image src=&#8221;https:\/\/www.fortix.mx\/home\/wp-content\/uploads\/2025\/01\/Fill_Idle.gif&#8221; title_text=&#8221;Fill_Idle&#8221; align=&#8221;center&#8221; _builder_version=&#8221;4.27.3&#8243; _module_preset=&#8221;default&#8221; width=&#8221;58%&#8221; custom_margin=&#8221;||||false|false&#8221; global_colors_info=&#8221;{}&#8221;][\/et_pb_image][\/et_pb_column][\/et_pb_row][\/et_pb_section]<\/p>\n","protected":false},"excerpt":{"rendered":"<p><div class=\"et_pb_module dsm_gradient_text dsm_gradient_text_0  et_pb_text_align_center\">\n\t\t\t\t\n\t\t\t\t\n\t\t\t\t\n\t\t\t\t\n\t\t\t\t\n\t\t\t\t\n\t\t\t\t<div class=\"et_pb_module_inner\">\n\t\t\t\t\t<h1 class=\"dsm-gradient-text et_pb_module_header\">Llenadoras<\/h1>\n\t\t\t\t<\/div>\n\t\t\t<\/div><div class=\"et_pb_module dsm_image_hotspots dsm_image_hotspots_0\">\n\t\t\t\t\n\t\t\t\t\n\t\t\t\t\n\t\t\t\t\n\t\t\t\t\n\t\t\t\t\n\t\t\t\t<div class=\"et_pb_module_inner\">\n\t\t\t\t\t\n\t\t\t\n\t\t\t<div class=\"dsm_image_hotspots_wrap\"  data-dsm-tooltip-animation=\"fade\" data-dsm-hotspot=\"dsm_image_hotspots_0\" data-tippy-delay=\"[50, 50]\" data-tippy-trigger=\"mouseenter\"><div class=\"dsm_image_hotspots_img_wrap\"><img decoding=\"async\" src=\"https:\/\/www.fortix.mx\/home\/wp-content\/uploads\/2025\/02\/muestra-equipos-discos-de-alimentacion.png\" alt=\"Llenadora de liquido de 6 valvulas Fortix\" title=\"muestra-equipos-discos-de-alimentacion\" srcset=\"https:\/\/www.fortix.mx\/home\/wp-content\/uploads\/2025\/02\/muestra-equipos-discos-de-alimentacion.png 1454w, https:\/\/www.fortix.mx\/home\/wp-content\/uploads\/2025\/02\/muestra-equipos-discos-de-alimentacion-1280x754.png 1280w, https:\/\/www.fortix.mx\/home\/wp-content\/uploads\/2025\/02\/muestra-equipos-discos-de-alimentacion-980x578.png 980w, https:\/\/www.fortix.mx\/home\/wp-content\/uploads\/2025\/02\/muestra-equipos-discos-de-alimentacion-480x283.png 480w\" sizes=\"(min-width: 0px) and (max-width: 480px) 480px, (min-width: 481px) and (max-width: 980px) 980px, (min-width: 981px) and (max-width: 1280px) 1280px, (min-width: 1281px) 1454px, 100vw\" \/><\/div><div class=\"dsm_image_hotspots_child dsm_image_hotspots_child_0\">\n\t\t\t\t\n\t\t\t\t\n\t\t\t\t\n\t\t\t\t\n\t\t\t\t<div class=\"dsm_image_hotspot_pulse\"><\/div><div class=\"dsm_image_hotspots_wrapper\" data-tippy-arrow=\"true\" data-tippy-placement=\"top\" data-slug=\"dsm_image_hotspots_child_0\"><span class=\"dsm_image_hotspots_icon et-pb-icon\"><span>L<\/span><\/span><\/div><div class=\"dsm_image_hotspot_tooltip et_pb_bg_layout_dark\"><div class=\"dsm_image_tooltip_content\">Disco giratorio<\/div><\/div>\n\t\t\t<\/div><div class=\"dsm_image_hotspots_child dsm_image_hotspots_child_1\">\n\t\t\t\t\n\t\t\t\t\n\t\t\t\t\n\t\t\t\t\n\t\t\t\t<div class=\"dsm_image_hotspot_pulse\"><\/div><div class=\"dsm_image_hotspots_wrapper\" data-tippy-arrow=\"true\" data-tippy-placement=\"top\" data-slug=\"dsm_image_hotspots_child_1\"><span class=\"dsm_image_hotspots_icon et-pb-icon\"><span>L<\/span><\/span><\/div><div class=\"dsm_image_hotspot_tooltip et_pb_bg_layout_dark\"><div class=\"dsm_image_tooltip_content\">Banda transportadora<\/div><\/div>\n\t\t\t<\/div><\/div>\n\t\t\t\n\t\t\t\t<\/div>\n\t\t\t<\/div>Disco de Alimentaci\u00f3n Provee a la m\u00e1quina botellas o suministrcy Los discos pueden girar a velocidad variable para una alimentaci\u00f3n mayor o menor.Disco de Recuperaci\u00f3n Recibe el producto ya terminado. Los discos varian su velocidad para una alimentaci\u00f3n mayor o menor.Si tienes dudas, o quieres saber m\u00e1s sobre nuestros equipos, podemos asesorarte para que tengas la informaci\u00f3n completa y clara.<\/p>\n","protected":false},"author":1,"featured_media":0,"parent":0,"menu_order":0,"comment_status":"closed","ping_status":"closed","template":"","meta":{"_et_pb_use_builder":"on","_et_pb_old_content":"","_et_gb_content_width":"","footnotes":""},"class_list":["post-590","page","type-page","status-publish","hentry"],"_links":{"self":[{"href":"https:\/\/www.fortix.mx\/home\/wp-json\/wp\/v2\/pages\/590","targetHints":{"allow":["GET"]}}],"collection":[{"href":"https:\/\/www.fortix.mx\/home\/wp-json\/wp\/v2\/pages"}],"about":[{"href":"https:\/\/www.fortix.mx\/home\/wp-json\/wp\/v2\/types\/page"}],"author":[{"embeddable":true,"href":"https:\/\/www.fortix.mx\/home\/wp-json\/wp\/v2\/users\/1"}],"replies":[{"embeddable":true,"href":"https:\/\/www.fortix.mx\/home\/wp-json\/wp\/v2\/comments?post=590"}],"version-history":[{"count":9,"href":"https:\/\/www.fortix.mx\/home\/wp-json\/wp\/v2\/pages\/590\/revisions"}],"predecessor-version":[{"id":992,"href":"https:\/\/www.fortix.mx\/home\/wp-json\/wp\/v2\/pages\/590\/revisions\/992"}],"wp:attachment":[{"href":"https:\/\/www.fortix.mx\/home\/wp-json\/wp\/v2\/media?parent=590"}],"curies":[{"name":"wp","href":"https:\/\/api.w.org\/{rel}","templated":true}]}}